0?
-5a9d
In base 12, what is 6a77 + 1b?
6a96
In base 9, what is -13006 - 1?
-13007
In base 15, what is 2b83 + 38?
2bbb
In base 2, what is 110 + -1000000100111?
-1000000100001
In base 10, what is 3 - 267041?
-267038
In base 8, what is 4 + -37433?
-37427
In base 13, what is -331 - -300?
-31
In base 7, what is -1104604 + 4?
-1104600
In base 3, what is 1011021 - -210?
1012001
In base 13, what is 1 + 117a8?
117a9
In base 4, what is -11203 - 31023?
-102232
In base 12, what is 4 + -10031?
-10029
In base 13, what is 4640 + -b?
4632
In base 4, what is 11 - 10130212?
-10130201
In base 3, what is -1102222200 - -110?
-1102222020
In base 12, what is 426ab + -1?
426aa
In base 5, what is -14301 - -330?
-13421
In base 2, what is -11 + 1111100000?
1111011101
In base 7, what is -43 + -2160?
-2233
In base 9, what is 1032 - 346?
575
In base 2, what is 100110 - 11000110001?
-11000001011
In base 6, what is 2014 + -1?
2013
In base 11, what is 5 - -2095a9?
209603
In base 16, what is 5d5e + 3f?
5d9d
In base 14, what is -9 + -17485?
-17490
In base 13, what is -59 - -22?
-37
In base 15, what is -a6 + 22?
-84
In base 2, what is 100 + -100100011111111100011?
-100100011111111011111
In base 9, what is -3 - 2404?
-2407
In base 7, what is -2065 + 16?
-2046
In base 10, what is -435999 - -4?
-435995
In base 13, what is 33 + 209a?
2100
In base 6, what is 23311 - 34?
23233
In base 13, what is -11 + 13b4?
13a3
In base 2, what is 1010011100011110010 - 111?
1010011100011101011
In base 5, what is -34 - -40402?
40313
In base 6, what is 20 + -1131435?
-1131415
In base 5, what is -10 + -1300423?
-1300433
In base 8, what is 13 - -30730?
30743
In base 5, what is 3143224 - 0?
3143224
In base 16, what is -1 + -dae7?
-dae8
In base 6, what is 233543 + -1?
233542
In base 14, what is 21c + 11?
22d
In base 13, what is 17 + -24c2?
-24a8
In base 11, what is -a77662 + 0?
-a77662
In base 5, what is 1 + 14402043?
14402044
In base 12, what is -78b56 + 2?
-78b54
In base 11, what is 53 + 79?
121
In base 9, what is 100747 + 2?
100750
In base 14, what is 81d1 - -5?
81d6
In base 8, what is -750 + -521?
-1471
In base 4, what is -102232 - -3010?
-33222
In base 9, what is 2 - 317?
-315
In base 8, what is -106 - -21415?
21307
In base 9, what is -45 - -13653?
13607
In base 3, what is -102 + -210011001?
-210011110
In base 9, what is -6 - -184618?
184612
In base 4, what is -30202201 + 23?
-30202112
In base 11, what is -28627 - -4?
-28623
In base 9, what is 4556 + -1?
4555
In base 4, what is 1 - 121221122?
-121221121
In base 8, what is -1060 + 17?
-1041
In base 12, what is -3 - 4906?
-4909
In base 13, what is 5571 - 10?
5561
In base 5, what is 13 + -132242?
-132224
In base 16, what is -3 + 8ad?
8aa
In base 15, what is 7 + 2555?
255c
In base 11, what is -322 + -183?
-4a5
In base 14, what is 1 + 16d0c7?
16d0c8
In base 13, what is 4 - -22c0?
22c4
In base 8, what is -1 + 11410?
11407
In base 3, what is 10 + -110212010?
-110212000
In base 13, what is -34 + -5b8?
-61c
In base 13, what is -2 + 2c09c?
2c09a
In base 14, what is -b54 - 76?
-bca
In base 12, what is 626 - -31?
657
In base 2, what is -10001111 + -101101010?
-111111001
In base 16, what is 1729 + 1f?
1748
In base 5, what is -124 - -4242?
4113
In base 5, what is 13002 - -144?
13201
In base 3, what is 10222 + -21001?
-10002
In base 3, what is 12 - -20011?
20100
In base 9, what is 2341730 + 4?
2341734
In base 9, what is 271684 + 0?
271684
In base 12, what is 62 - -6a22?
6a84
In base 4, what is -2020 + -131010?
-133030
In base 4, what is 11 - -1023300?
1023311
In base 16, what is -1cdb4 - -5?
-1cdaf
In base 8, what is 114 + 5161?
5275
In base 14, what is -30 + -61?
-91
In base 10, what is 0 - 15212?
-15212
In base 16, what is 222c + 55?
2281
In base 4, what is -11 - -111003301?
111003230
In base 4, what is -333011120 - -31?
-333011023
In base 10, what is 26541 - 256?
26285
In base 5, what is 42 + 40102?
40144
In base 5, what is 1314203 - 10?
1314143
In base 4, what is -12 + 2101013?
2101001
In base 7, what is -1266100 + -21?
-1266121
In base 6, what is -25 - 2403023?
-2403052
In base 12, what is 1a3758 + 5?
1a3761
In base 14, what is 11d11 - -14?
11d25
In base 5, what is 20311000 - 110?
20310340
In base 16, what is 0 - 86c3?
-86c3
In base 6, what is -4043 + 102?
-3541
In base 2, what is -110111101010 - -111010?
-110110110000
In base 16, what is 251 + -987?
-736
In base 15, what is 7 - -b239c?
b23a4
In base 14, what is -24baa + -4?
-24bb0
In base 5, what is 14103 + -144?
13404
In base 15, what is 8b + -129ed?
-12962
In base 13, what is 66cab - 1?
66caa
In base 13, what is -25 + 3a6?
381
In base 16, what is 484 - -e?
492
In base 14, what is -43 - -b0a?
aa7
In base 15, what is -cc - -4620?
4543
In base 14, what is 10 + 7230?
7240
In base 15, what is 22ab + 18?
22c4
In base 10, what is 0 + 32876?
32876
In base 13, what is -8b0 - -19?
-894
In base 16, what is -1 - -484d1?
484d0
In base 12, what is a + 471?
47b
In base 11, what is 1293 + 10?
12a3
In base 3, what is 1022221022 - -1?
1022221100
In base 13, what is -a2563 - -3?
-a2560
In base 14, what is -157c31 + -1?
-157c32
In base 11, what is -4 + 3937?
3933
In base 5, what is 21 + 2143031?
2143102
In base 2, what is 11011001001100110001110 - 1?
11011001001100110001101
In base 4, what is 20303 + 321?
21230
In base 5, what is 0 - 224114?
-224114
In base 5, what is -10 + 402401?
402341
In base 6, what is 131233 + 5?
131242
In base 15, what is -59d17e + -3?
-59d182
In base 2, what is 100 + -101000010101010?
-101000010100110
In base 9, what is 80 + 2137?
2227
In base 3, what is 2101021010 - -12?
2101021022
In base 14, what is -68c + 42?
-64a
In base 4, what is 1133 - 10330?
-3131
In base 11, what is a3819 + -7?
a3812
In base 5, what is 1222323 + 0?
1222323
In base 7, what is -334533 + 4?
-334526
In base 15, what is a + -139ec?
-139e2
In base 11, what is -2 - 555714?
-555716
In base 3, what is -10021 + -20110?
-100201
In base 8, what is 5 - -62762?
62767
In base 10, what is 9037 + 0?
9037
In base 12, what is 1 - 9766?
-9765
In base 13, what is 1b + 2ab44?
2ab62
In base 2, what is 1001 + -11001001110110101010?
-11001001110110100001
In base 4, what is 202113202 + 33?
202113301
In base 6, what is 133521025 + -2?
133521023
In base 10, what is 0 + -50669?
-50669
In base 15, what is eb00 + -2?
eaed
In base 3, what is 0 - 1012102020?
-1012102020
In base 10, what is -1 + 20983?
20982
In base 16, what is -6 + -32533?
-32539
In base 10, what is 20412 - 12?
20400
In base 2, what is 11100 + -111001110110?
-111001011010
In base 10, what is -122190 + -5?
-122195
In base 13, what is 31 + -4564?
-4533
In base 5, what is -31400 + 31334?
-11
In base 10, what is -5 + 10453?
10448
In base 7, what is -204 - 2012?
-2216
In base 15, what is 17 + 118?
130
In base 13, what is 8 - -c584?
c58c
In base 3, what is 1001 + -102101201?
-102100200
In base 9, what is 13 + 611?
624
In base 12, what is 3 - 3b5a?
-3b57
In base 4, what is 1300122 - 1?
1300121
In base 2, what is 1011111001000110 + -1100?
1011111000111010
In base 14, what is 69 - -b2b?
b96
In base 3, what is 200201 + 120?
201021
In base 4, what is 2301023310 - -13?
2301023323
In base 11, what is -8394 - 5?
-8399
In base 11, what is 2 + -a170?
-a169
In base 16, what is 630 - 8?
628
In base 14, what is 681 - -1d?
6a0
In base 15, what is 0 + c1b3?
c1b3
In base 11, what is 73 - -a882?
a945
In base 10, what is 3 + 27499?
27502
In base 14, what is 64 + -45?
1d
In base 2, what is -10110100011001 - 1100101?
-10110101111110
In base 7, what is 3 + -2332336?
-2332333
In base 8, what is 66513 + 1?
66514
In base 4, what is 310322 - 120?
310202
In base 12, what is 6157 - 8a?
6089
In base 7, what is -1106365 + 0?
-1106365
In base 8, what is -31007 - 54?
-31063
In base 15, what is -40 + -14?
-54
In base 11, what is 30528 + 4?
30531
In base 16, what is 260a2 - -4?
260a6
In base 6, what is 205103 - 5?
205054
In base 16, what is -e7 - 884?
-96b
In base 5, what is 223 + -40330?
-40102
In base 2, what is -11 + 101001000101111001?
101001000101110110
In base 10, what is -3 - -33352?
33349
In base 12, what is 2ab + 655?
944
In base 6, what is 34215 - 411?
33404
In base 10, what is 9293 + 0?
9293
In base 15, what is 329 + 0?
329
In base 16, what is -76e2 + -3?
-76e5
In base 7, what is 2 + 3033060?
3033062
In base 8, wh